39
What is 67 + 5 + (29 - ((17 - 14) + 17))?
81
Calculate -2 - 13 - ((-8 - -13) + (-16 - -1) + 11).
-16
Calculate -19 - (10 - -12 - 46) - -16.
21
What is -51 + 34 - (65 + -134)?
52
-1 + (-12 - 20) - -34 - (0 + 6)
-5
What is 66 - -5 - 8 - 22 - -55?
96
What is (2 - (8 + 0)) + (-12 - (11 - (-45 - 2)))?
-76
Calculate -52 + 1 - (-37 + 37) - (-26 - -36).
-61
-39 - (-162 + 139) - (-1 + (1 - 157))
141
Evaluate -19 + -25 + (36 - (36 - 13)).
-31
Calculate -10 - (1 - (12 - 3)) - 2 - (44 + -115).
67
What is (-1822 - -1788) + (-1 - -2)?
-33
65 + 5 - (-21 + (0 - (-28 - -29)))
92
Evaluate -34 - -35 - (-36 - -43).
-6
Calculate 53 - (25 + 27 + 65) - (0 + -13).
-51
Evaluate (1 - 8) + (90 - (84 - -90)).
-91
What is the value of (-94 - -64) + -10 + 36?
-4
Calculate -89 + 89 + (5 - (-1 + -8) - 3) + 69.
80
Calculate (3 - -71) + (-16 + -41 - -34).
51
What is the value of (-65 - -23) + (9 - -17) + -51?
-67
Evaluate -10 + -47 + 3 - -101.
47
59209 + -59216 + (-108 + 0 - (0 + -1)) + 2
-112
Evaluate 2 - -15 - -2 - (14 - (66 - 61)).
10
Calculate -51 + -19 + -38 + 40 - 5.
-73
What is the value of 6 - -10 - (-2 + 2) - (501 + -477)?
-8
Calculate (24 - (-26 - -62)) + 17.
5
Calculate -18 - -15 - 25 - -35.
7
Calculate -23 - -2 - ((52 - (-38 - -84)) + (2 - 18)).
-11
What is the value of (17 - 71) + (-8 + 6 - 13) - -14?
-55
-10 + (1 + 11 + -20 - -15 - (6 + -29))
20
What is the value of -15 + (13 - 40) + (3 - (3 + 2))?
-44
Calculate -18 + 2 + 8 - ((6 - -6 - 16) + 6).
-10
What is the value of 46 - (-18 + 9) - 93?
-38
Evaluate -11 + -1 - (154 + 144 + -261).
-49
Evaluate (-472 - -531) + (2 - 2 - 12).
47
Evaluate (51 - (48 + -24) - -5) + 6.
38
-4 + 18 + -115 + 86 + -7 + 2
-20
Evaluate (6 - (0 - 8)) + -13 + -15.
-14
Evaluate ((-17 - (13 + -11)) + 28 - 9) + -75.
-75
-2 + 7 + 18 + 13
36
What is -41 + 2 + (8 - (-12 + 11)) + -10?
-40
What is the value of 27 - -47 - 112 - (-9 - (2 + 0))?
-27
What is the value of 0 - -24 - (136 + (-1 - 116)) - (-69 + 1)?
73
-51 + -28 + 45 - -32 - (-1 - (33 - 0))
32
What is the value of 47 - (-43 + (-34 - -47))?
77
What is (-14 - -47 - 16) + -20 + -28?
-31
What is the value of -19 + 448 + -463 + 17 + 2 + -3?
-18
Evaluate ((1 - -1) + (-16 - -9) - (-124 + 122)) + 4.
1
What is -4 + 9 + -67 + (576 - 574)?
-60
What is 5 - 2 - 4 - -93 - (74 - (167 + -84))?
101
Evaluate 2 + 27 + (20 + -18 - -24 - 31).
24
Calculate 26 + (-14 - -11) - 12 - (-57 - -43).
25
What is the value of 12 + 31 - (-169 - -216)?
-4
What is -2 - (-7 + 5 - 7 - (4 + 6 + -51))?
-34
(0 - 1) + 43 - (-7 - (14 - 22))
41
Calculate 2790 - 2778 - (24 - -3 - (-3 + 6)).
-12
What is the value of 6 - (84 + -104 + 82)?
-56
What is 17 + (16 - (36 - 32) - 19)?
10
What is (-63 - -63) + (2 + 71 - -5)?
78
What is -71 - (-49 + 28) - -51?
1
What is -4 - 69 - ((2 - 5) + (2 - -1) + -2)?
-71
Calculate (2 + -1 - -5) + -24 + 57 + -36 + -1.
2
13 - (-2 + 7 + 86 - (271 - 260))
-67
What is the value of -7 + -21 + -1 + (47 - 38)?
-20
What is the value of (-2 - 2) + 10 - (-109 + 115 + (2 - 32))?
30
Evaluate (-726 - -782) + (0 - -24) + -22.
58
-16 + 30 + -1 + -49 + 21
-15
Calculate (1 - 1) + -35 - ((-19 - -4) + -208 + 225).
-37
What is the value of 13 - (-7 + (-7 + -2 - -38)) - 8?
-17
What is the value of -76 - -1 - (-4870 + 4829)?
-34
Evaluate 8 + -23 + 19 + 45 - (-3 + 0 + 1).
51
What is -55 - (32 + 5 - 38)?
-54
(15 + -13 - -18) + 30
50
7996 - 8135 - (1 + -118)
-22
What is 17 + -11 + 4 - -94 - (-15 + 19 + -14)?
114
Evaluate -29 + 2 - (-1104 - -1129).
-52
2 - (-39 + 85 - 55 - (2 - (-18 + 1)))
30
Calculate (2 - 8) + -83 - (0 - 0).
-89
What is -66 - (-63 - (-29 - 21))?
-53
Evaluate -18 - (-1 + (-6 - (2 - 5)) - (37 + -40)).
-17
What is the value of -37 - ((-38 - -38) + 3)?
-40
Evaluate (-13 + (1 - 0) - 5) + 58.
41
Evaluate 8 + (23 - -2) - 51.
-18
(-60 - (-84 - -41)) + -18
-35
-13 - ((456 - 518) + -6 + 3 + 3)
49
Calculate 3 + 1 - -2 - (38 - -4).
-36
What is the value of 152 + (-110 - -11) + -75?
-22
-8 - ((7 - (-13 + (27 - (16 - 8)))) + -45)
36
What is the value of -4 + -4 + (-28 - -26) + 1 + 35?
26
Calculate 37 + 29 + -23 + 23.
66
-5 + -7 + (3 + -15 - 6)
-30
What is the value of 1 + -1 + (21 - (-20 + 5 - -25)) + 9?
20
What is the value of (-20 - -110 - 59) + 3?
34
Calculate -8 + 252 + -103 + -81.
60
-1 + 119 + 2 - (30 - (31 + (-24 - -17)))
114
What is the value of 11 + (8 - (-11 + 14 + 2 - -4))?
10
Calculate 34 - (-75 - -36 - -5).
68
What is (0 - 1) + -2 + 1 + -40 + (21 - -36)?
15
-85 - 34 - -49 - (-15 - 3)
-52
What is -13 - (286 - 277 - (0 + 27))?
5
Calculate (110 - 32 - 114) + 27.
-9
What is -21 - 33 - (-4 - (-5 + -2))?
-57
What is the value of -101 + (-7 - -27) - (-11 + (-3 - -13))?
-80
What is the value of -86 + (48 - (-45 + 40))?
-33
Calculate -79 + 115 + (-9 - -31) + -68.
-10
Calculate 74 - (-9 - (-73 - (23 + -44))).
31
Calculate 49 + -38 + 32 + -70.
-27
What is (-85 - -75 - (-3 - -1 - -14)) + -6?
-28
What is -42 + (-6 - -15 - -6 - 3)?
-30
What is (9 - (-55 - -61 - (0 + -6))) + 2?
-1
Evaluate 7 + -4 + -3 + 25 + 46.
71
Evaluate 44 + (26 - (22 + -13) - -5).
66
Evaluate (5 - 12) + 4 - (13 + 13 + -35).
6
What is the value of (178 + 15 + -25 - 16) + -46?
106
Calculate 32 - (56 - -4) - 18.
-46
What is -68 + -53 + -47 + 154?
-14
What is the value of (-16 - 1) + -7 - (27 + -33 + -17)?
-1
What is 18 + (13 - 15) + 9?
25
What is the value of 108 + (-41 - 21) + -1?
45
-10 - (-42 + -26 + -5 + 37)
26
What is the value of 120 + -136 - (4 + -6 + -10)?
-4
What is 37 + (3 + (-9 - -16) - 11) + -5?
31
-24 + 1 - (173 - (36 + 117))
-43
What is the value of 102 + (4 - (42 + -4))?
68
Evaluate (32 - (47 + -16)) + 98 + -36.
63
Calculate -64 + 104 + -98 + -3.
-61
What is the value of (88 - -1) + (-27 - -247 - 218)?
91
Calculate 1 + 6 - (108 - 10 - 56).
-35
Calculate (-4 + -21 - (261 + -278)) + -58.
-66
9 - (6 + 20) - 22
-39
What is (-101 + -46 - -70) + 94?
17
-29850 + 29869 - (-29 + 0 + -2)
50
Evaluate 6 - (10 - ((34 - 39) + (12 - 2)) - -73).
-72
What is (-100 - (-1 + 0)) + (369 - (6 - -357))?
-93
Calculate 104 + (73 - 240 - -7).
-56
(-16 - 5) + -5 + 53 + -14
13
What is -11 + -1 - 41 - (3 - 1) - (-2 + -6)?
-47
(3 - 4) + (21 - -2) + 29 + 22 + -5
68
What is the value of -3 + 7 + -13 + (-39 - -44) + 2 + 107?
105
What is -85 - (-5 + -23 + (1 - -10) + (-9 - -11))?
-70
(-4 + -3 - (13 - -64)) + (37 - 48)
-95
Evaluate 114 + -120 - (7 + -27 + 6).
8
Calculate (161 + -121 - -58) + -110.
-12
Calculate 1 - -50 - (107 - (127 + -11)).
60
Evaluate ((34 - 8) + -20 - (45 + 3)) + 6 + 5.
-31
What is the value of 12 - (-6 - -1 - (28 - (-27 + 55)) - 0)?
17
What is the value of (4 - 65) + 2 + (-10 - -7 - -6)?
-56
What is 99 + (22 + (-4 - 11) - 7) + 9?
108
What is the value of 9 - (-2 - 2 - (32 + -26) - -18) - 7?
-6
(18 - 54) + 25 + 55
44
-6 + (-6 - -7) + 8 + (-54 + -7 - 6)
-64
Evaluate (-1 - -17) + 38 + -40.
14
Evaluate 10 - (-13 + -2 + 3 - (-26 + 15 - 66)).
-55
Evaluate (-35 - (0 + 0) - (-143 - -183 - 51)) + -1.
-25
Calculate -13 + -1 + (-12 - -32) + 5.
11
43 - (-42 + 20 + 2 + 44) - (0 - 0)
19
(35 - -20) + 1 - ((12 - 3) + 3)
44
103 + 122 - 204 - (87 + 0)
-66
What is 91 - -3 - -3 - (19 - (-34 + 39))?
83
702 + -701 - (-1 + 3 - 12) - -8
19
77 - (35 + 54) - (1 + 18)
-31
What is -10 - (147 - (72 - 35))?
-120
What is 9 + 7 - (-461 - -375)?
102
Evaluate (16 - 0) + (2564 - 2577).
3
Evaluate (-10 - -1) + (17 - (-6 - -20) - -15 - 65).
-56
What is (7 + 3 - (-212 + 228)) + (1 - 72)?
-77
(-3 - -24) + -63 - -70
28
What is -583 + 553 + (18 - 1)?
-13
Calculate (-5 - (11 + 15 + -12)) + 34.
15
1 - (46 + (-18 + -5 + 14 - -6))
-42
Evaluate -15 + -48 + -1 + 94.
30
What is the value of (38 - 7) + -7 + -20 - (1 + 0 - 45)?
48
What is the value of 66 - (-5 + -35 + 69)?
37
Calculate (-42 - -46) + (-3 - -2) - 3 - (3 + -55).
52
Evaluate (-72 - -88) + (-111 - -19) - 29.
-105
Calculate -5 + 32 - 1 - ((-4 - 3) + 9).
24
(-56 - -38) + -31 - 11
-60
What is the value of 8 - (-10 - (9 - (0 - 4 - -19 - 6)))?
18
-18 - (7 - 1 - (-286 - -274))
-36
What is the value of -25 - -26 - (-19 + (-5 - -20))?
5
Evaluate -159 + 164 - (-6 + 4 + -4 + 45).
-34
(-62 - 39) + 73 - (4 + -2 - 20)
-10
Evaluate 12 + -1 - (54 - 26 - 89).
72
Evaluate (-107 - -131 - -62) + -128.
-42
What is the value of 6 + 21 + -15 - 153?
-141
Evaluate (3 + -9 - -16) + (3 - 17) + 7.
3
77 + (-20 - 125) + 13
-55
Calculate 21 - (1 - -8 - -5) - 27.
-20
